(u) = 8*u + 345. Let m be c(-43). Calculate the highest common divisor of 9 and m.
1
Let l(w) be the second derivative of 11*w**3/6 - 12*w**2 - 29*w. Let u be l(3). What is the greatest common factor of u and 63?
9
Let v(p) = 6*p - 15. Let d be v(16). Let u = -78 + d. What is the greatest common factor of u and 21?
3
Let d = 27 + -7. Suppose y + n = 6*n - d, 0 = 5*n. Let c be ((-36)/y)/((-12)/(-80)). What is the greatest common factor of 96 and c?
12
Suppose 4*g - 1350 = -2*g. Suppose g = 9*k - 0*k. What is the greatest common factor of k and 5?
5
Let i = -15 - -16. Let x be 2/3*(96/i)/4. What is the highest common divisor of 12 and x?
4
Let k(a) = -3*a - 14 + 0*a - 2*a - 9*a**2 - 8*a. Let x be k(-11). Let y be ((-2)/(-5))/((-3)/x). Calculate the greatest common factor of 16 and y.
16
Let o(b) = -b**3 - b**2 - 9. Let u be o(0). Let s = 230 + u. Let f = s - 61. What is the greatest common factor of 20 and f?
20
Let j = -137 + 142. Let i be (j + 21)*(-2)/(-2). What is the greatest common divisor of 26 and i?
26
Suppose 0 = -0*z + z - 72. Suppose 4760 = 12*x + 4652. What is the highest common divisor of z and x?
9
Let v be (-2 + 4)*1320/16. Calculate the highest common divisor of v and 105.
15
Suppose x - 9 - 6 = 0. Suppose 2*g + 3*a = -x, 5*g + 3*a + 27 = g. Let s be (24/20)/(g/(-105)). What is the greatest common factor of 231 and s?
21
Let f be (-66 + 1)/((-1)/1). Let v(n) = n**3 - 22*n**2 - 53*n + 133. Let r be v(24). What is the highest common factor of r and f?
13
Let j(n) be the third derivative of n**5/60 + n**4/12 - 11*n**3/6 - 29*n**2. Let l be j(-5). What is the highest common divisor of 3 and l?
1
Suppose 0 = -3*i, -f - 2*i - 2*i = -9. What is the highest common factor of f and 12?
3
Let m(j) be the second derivative of 2*j**4/3 + j**3/3 - j**2 + 5*j. Let a be m(-2). What is the greatest common factor of 52 and a?
26
Let k(t) = t - 6*t + 2*t + 14. Let x be k(6). Let h(q) = -5*q - 5. Let s be h(x). What is the highest common divisor of s and 6?
3
Suppose -i = 2*a - 20, -23*i + 18*i + 35 = -3*a. What is the greatest common divisor of i and 1070?
10
Let k = 44 - 2. Suppose 2*n = 5*a - k, 4*a - 3*n = 2*n + 37. Suppose 180 = -301*y + 310*y. Calculate the greatest common divisor of a and y.
4
Suppose -584*i + 589*i = 300. Calculate the greatest common divisor of 15 and i.
15
Let u be (-34 - -9)/(1/(-11)). Let l be (-1 + -3)*91/13. Let g be 8/l + u/7. Calculate the highest common factor of 13 and g.
13
Suppose -9*x - 2*x + 605 = 0. What is the highest common factor of 33 and x?
11
Suppose -4*b = -3*v + 28, 0*v = 4*v - 4*b - 36. Let u be (88/v)/(2 - 1). Let m = -11 - -55. Calculate the greatest common divisor of m and u.
11
Suppose -4*y - 3*k + 154 = y, 4*y = 4*k + 136. Let u be -8*(-12)/(-10)*90/(-27). What is the highest common factor of u and y?
32
Suppose -4*h + 40 = 3*i, 5*h - 1 = 4. Suppose -9 = -q + 2*f + 27, -57 = -q - 5*f. Calculate the highest common factor of q and i.
6
Let j = 392 - 407. Let t = 58 - 28. Let p = j + t. What is the highest common factor of p and 150?
15
Let g = 533 + -404. What is the highest common factor of 3 and g?
3
Let r(d) = -3*d**3 + 62*d**2 - 38*d - 28. Let h be r(20). What is the greatest common factor of 1164 and h?
12
Let q be (-1404)/(-22) + ((-63)/77 - -1). Calculate the highest common divisor of 48 and q.
16
Suppose q - 5*q = -380. Suppose 5*s - q - 145 = 0. Calculate the greatest common divisor of 72 and s.
24
Suppose -l = -8*l - 28. Let c be (7 - (l + 8)) + -2. Calculate the highest common divisor of c and 8.
1
Suppose h - 21 = -5*d + 13, 0 = 2*h - 8. Calculate the highest common factor of 10 and d.
2
Suppose 24*v = 503 + 337. What is the highest common divisor of v and 63?
7
Suppose 0*l = l - 5. Suppose -z = -2*s + 2, 5*z - s + 36 = 8*z. What is the highest common divisor of l and z?
5
Let s = -63 - -64. Let l(h) = 200*h**2 - 2. Let d be l(s). Calculate the highest common factor of d and 18.
18
Let n(g) be the first derivative of -g**4/4 - g**3/3 + 17*g - 2. Let l be n(0). Let a be ((-51)/6)/(2/(-28)). Calculate the greatest common factor of a and l.
17
Suppose 0 = p + 1 - 7. Let q(t) = 2*t**2 + t - 4. Let c = -10 - -6. Let s be q(c). What is the greatest common divisor of p and s?
6
Let r = 5 - -7. Suppose -4*y - 22 = -5*s + 18, -4*s - 4*y + 32 = 0. Let p be s/12 + (-20)/(-6). Calculate the greatest common factor of p and r.
4
Let w(v) = -v**2 - 4*v - 4. Let q be w(-4). Suppose 4*i + 4 = -4. Let f = i - q. Calculate the highest common factor of 4 and f.
2
Let i = -119 - -122. Let a = -12 - -21. Calculate the greatest common factor of i and a.
3
Let i(p) be the first derivative of -p**3/3 - 6*p**2 - 27*p + 3. Let t be i(-7). Calculate the greatest common factor of t and 8.
8
Suppose -l - 39 = -5*b + 56, 0 = 4*b - 2*l - 82. Let c(y) = y**3 + 8*y**2 - 7. Let a be c(-8). Let j = b + a. Calculate the highest common factor of j and 1.
1
Suppose -2 - 2 = -4*u. Let l be ((-2)/6)/(u/(-3)). Suppose -w = -7*j + 10*j + 1, j = 5*w - 59. What is the highest common divisor of w and l?
1
Let x = -15 - -20. Suppose u = 3*b - 6, 10 = -0*b + 5*b - x*u. Let q be 9/(-3 + 9/b). What is the greatest common factor of q and 9?
3
Suppose 0 = 2*v - 28 - 42. Let o = 51 - v. Let a = o + -5. Calculate the greatest common divisor of 77 and a.
11
Suppose 5*f - 3*i = -173, 3*f + 2*i = -0*i - 100. Let c = 74 + f. Suppose 21 - 1 = d. What is the highest common factor of d and c?
20
Let q be 2 - (4 - (1 + 1)). Let n be (-1)/(-12)*15*4. Suppose 2*u - 4*h = 3*u - 20, -n*u - h + 81 = q. Calculate the greatest common factor of u and 8.
8
Let r = -637 - -664. What is the greatest common divisor of 99 and r?
9
Let z(h) = h**3 + 10*h**2 + 9*h - 2. Let c be z(-9). Let q(f) = -7*f - 2. Let w be q(c). Let b = -9 + w. What is the highest common factor of 3 and b?
3
Suppose -5*r = -3*q - 423, 3*q + 1 + 2 = 0. Calculate the greatest common factor of r and 8.
4
Let d = 203 - -292. What is the greatest common factor of 45 and d?
45
Let p(k) = k**3 + 8*k**2 - 2*k + 1. Let u be p(-8). Suppose 0 = -u*n + 23*n - 504. What is the highest common factor of n and 28?
28
Let d(p) = -5*p + 6. Let l(b) = 4*b - 5. Let t(r) = 5*d(r) + 6*l(r). Let m be t(-4). Suppose m*s + 2*s = 42. Calculate the highest common divisor of 77 and s.
7
Let h be (5 + (-85)/15)/(1/(-6)). Suppose -5*l = 24 - h, 64 = 4*r + 4*l. What is the greatest common factor of 50 and r?
10
Let a = -14 + 118. What is the highest common factor of 13 and a?
13
Suppose 1724 = 11*k - 7*k. Let b = k + -249. Calculate the greatest common divisor of b and 13.
13
Let n = 281 - 233. Calculate the greatest common factor of 56 and n.
8
Let j(d) = d**3 - 4*d**2 - 6*d + 6. Let f be j(6). Suppose -f = -b + 12. What is the greatest common divisor of b and 6?
6
Let c be (-1 + (-68)/6)/(31/(-93)). What is the highest common factor of 185 and c?
37
Let i be (255/60)/((-4)/(-912)). Calculate the greatest common divisor of i and 57.
57
Suppose 0 = -7*h + 7 + 7. Let g be (-1 - h/(-6))*-33. Let x = 70 + -15. What is the greatest common divisor of g and x?
11
Suppose 5*s - 7*s = -44. What is the highest common factor of 88 and s?
22
Suppose -3*w - r = r + 36, -2*w = 4*r + 32. Let d = w + -1. Let j = 74 + d. Calculate the highest common divisor of j and 21.
21
Suppose -3*x + 110 = 19*x. Suppose 0 = x*m - 8*m + 39. Let r = -29 + 68. What is the highest common factor of m and r?
13
Let u = 58 + 110. What is the highest common factor of u and 42?
42
Suppose -43*d = -10*d - 20592. Calculate the highest common divisor of 192 and d.
48
Let r = 972 + -441. What is the greatest common divisor of r and 59?
59
Let b be 3/((-60)/8) + 15844/85. Calculate the highest common divisor of b and 682.
62
Let q = -22 - -24. Suppose -3*m + q*m + 12 = 0. Calculate the highest common divisor of m and 48.
12
Let g(w) = 15*w**2 + 4*w - 4. Let o(p) = -p - 10. Let v be o(-12). Let u be g(v). Calculate the greatest common factor of u and 8.
8
Let a be (8/72*-6)/(8/(-1332)). What is the highest common divisor of 259 and a?
37
Suppose -5*c + 230 = s, -4*c + s + 130 = -c. Let q be (c/10)/((-1)/(-2)). What is the highest common factor of 9 and q?
9
Let x = -455 + 458. Let l(h) = -9*h + 4. Let i(y) = -y + 1. Let a(w) = 2*i(w) - l(w). Let v be a(x)